, d*r = 5*n - 4715 - 10476. Is n composite?
True
Let g = 49 - 47. Suppose 8 - 2512 = -z - 4*k, 3*z - g*k = 7540. Is z/6 - ((-65)/15 + 4) composite?
False
Suppose 7*c - 3*c = 16, -5*p = -5*c + 20. Suppose -4*i - 63 + 7 = p. Is i/42 - (-4084)/3 a prime number?
True
Is ((-79803468)/(-84))/3 + (-12)/(-21) composite?
False
Suppose -15*u = 33*u - 134016. Let b = u + -1423. Is b composite?
True
Let g(k) = -27242*k + 207. Is g(-1) a prime number?
True
Let c(y) = -143*y + 115. Let v(r) = 212*r - 173. Let a(o) = -8*c(o) - 5*v(o). Is a(32) a prime number?
True
Let v(b) be the second derivative of -1/2*b**2 - 13/10*b**5 + 0 - 1/3*b**3 + 0*b**4 - 17*b. Is v(-2) a prime number?
True
Let f be 2*(-2)/4*-5. Suppose -5*r = -10*r + 3*i + 93233, -3*r - 5*i = -55967. Suppose 12*a = -f*a + r. Is a a prime number?
True
Suppose -3*l - 45153 = -5*v + 3*v, 5*l + 4*v = -75255. Let j = -10300 - l. Let g = j - 2688. Is g prime?
True
Is (-25 - (-513)/18)*(77722 + 0 + 0) prime?
False
Let b = -154 - -152. Is (13/(-39))/(b/10758) composite?
True
Let z = -52 + 257. Let k = z + 594. Is k prime?
False
Let m(b) = 2133*b**2 + 4*b + 5. Let y = 53 + -54. Let q be m(y). Suppose 2012 + q = 6*a. Is a composite?
False
Let l(o) = 286*o + 35. Let a(m) = -573*m - 71. Let x(i) = -6*a(i) - 11*l(i). Is x(18) prime?
True
Let a(t) = 14509*t**2 + 12*t + 22. Is a(-3) prime?
False
Let i(s) = -4*s**3 + 5*s**2 + 2*s + 56. Let h be i(-10). Suppose -10*f + 23594 = -h. Is f composite?
True
Suppose 3*x + 1 = -5*p + 4, -4*x + 4 = -2*p. Suppose p = 4*m - 3*l - 9815, -5 = 3*l + 2*l. Is m a prime number?
False
Let z = -113 - -137. Suppose -o + 10275 = z*o. Is o a prime number?
False
Suppose -4*j + 0*y - 90607 = 3*y, -5*j = -3*y + 113279. Let d = -38008 - j. Is ((-2)/(-3))/(3/(d/(-4))) a prime number?
True
Let m = -98727 - -202370. Is m a prime number?
True
Suppose -3*a + 2*a = 4*c - 28, -5*a + c + 56 = 0. Let q(k) = 98*k - 167. Is q(a) a composite number?
False
Is (-70155)/30*4318/(-51) composite?
True
Let q be (-32)/(-40) + (-16)/20. Suppose q = -24*l + 11901 + 17883. Is l a prime number?
False
Let y = 0 + -3. Let k be (-280)/(-21) + 1/y. Suppose 11*r + 1526 = k*r. Is r composite?
True
Suppose 5*g = -2*h - 10, -g - 5 = 2*h - h. Suppose g*u - u - 3*l + 2845 = 0, -u + 2845 = -4*l. Is u a prime number?
False
Suppose 3*r + 67565 = 2*k - 594546, -4*k = -2*r - 1324226. Is k a prime number?
False
Let g = 438 + -448. Is ((-5)/(-2))/(g/(-20)) - -4848 prime?
False
Suppose -2*x - 5*x = 0. Suppose 3246 = 2*v - x*v. Is v a composite number?
True
Suppose 20505 = 5*u + 5*p, -4*u + 9176 = -2*p - 7240. Is u a composite number?
True
Suppose 4*a - 17*l = -20*l + 13799, -3*a - 4*l = -10351. Is a a composite number?
False
Suppose -354511 - 124772 = -87*f. Is f composite?
True
Let p(f) = -f**3 + 11*f**2 + 8*f + 33. Let r be p(11). Suppose r*d - 108*d = 11401. Is d a prime number?
True
Let v = -41754 + 3091. Let o = 65800 + v. Is o prime?
False
Let o(h) = -h**3 - 14*h**2 - 24*h + 4. Let m be o(-12). Suppose 0 = -5*j - 2*p + 106045, 0 = -18*j + 13*j - m*p + 106055. Is j composite?
True
Let t = 18 - 15. Let z = 0 + t. Suppose -w - z*w = -4*u - 4168, 5*u = -5. Is w a composite number?
True
Suppose 0 = -180713*a + 180724*a - 2033911. Is a prime?
True
Suppose 0 = -51*x + 4030391 - 7623015 + 40964353. Is x a prime number?
False
Suppose -2*k + 213 = -5*i, 0 = 2*k - 4*k - 2*i + 234. Suppose -11*f - 247081 = -25915. Is f/(-38) + (-12)/k prime?
False
Suppose 0 = -40*n + 7896373 + 2827267. Is n prime?
True
Is -1*3 + (-187 - 11)*-656 + 2 a prime number?
True
Is 1*7/56*-4*44903*-2 composite?
True
Let m(n) = -40805*n**3 - 5*n**2 - 11*n - 11. Is m(-2) composite?
True
Suppose -9*z + 12*z - g - 1974743 = 0, 0 = -g - 2. Is z composite?
False
Let n(k) = 276*k - 7 - 46*k - 4 - 8. Suppose -3*t = -3*a + 21, a + 5*t = t + 2. Is n(a) prime?
True
Is (6/12)/((-2)/(-131486)) - 1/2 composite?
True
Let g(x) = 21*x - 12. Let j be -1 + 0 + 0 + -9 + -44. Let u = j + 57. Is g(u) prime?
False
Let u = 77932 - -3151. Is u prime?
True
Suppose 40 = -d + 6*d. Suppose 12 = d*g - 4*g. Suppose -3083 = g*n - 8828. Is n a prime number?
False
Let k = 652 - 656. Let s(g) = -2267*g + 159. Is s(k) prime?
True
Suppose -3*k - 37 + 49 = 0, 2*i + 332 = -4*k. Is ((-1804)/6)/(116/i) a prime number?
False
Let m = -9962 - -18225. Is m a prime number?
True
Let p = 654311 - 245724. Is p prime?
False
Suppose 182*a = 171*a + 6720043. Is a a composite number?
False
Let w be (-88)/(-242) - (-62)/11. Suppose -2*b + w = 0, 5*j = b - 47523 + 159235. Is j prime?
True
Suppose 2*x - 5*x = -6. Suppose -2*k = 2, 4*j = x*j + 5*k + 45. Is 1775/j - (-2)/8 composite?
False
Suppose -22*v = -255373 - 496653. Is v a composite number?
False
Let f(l) be the first derivative of -50*l**2 + 27*l + 16. Let y be f(-10). Is (0 - 1)/((-13)/y) a prime number?
True
Is -1*(-62752 - (0 - -1)) a composite number?
False
Let r(b) = -b**3 - 2*b**2 + 63*b. Let h be r(-9). Suppose -251*n + 261*n - 18230 = h. Is n prime?
True
Let a(m) = -37*m**3 + 14*m**2 - 85*m + 31. Is a(-15) prime?
False
Let y be 1045 + 3 + -3 + -3. Suppose -2*d = 2*i - y, 3*d - 234 = 3*i - 1797. Is i prime?
True
Let j(v) = 36*v. Let l be j(-13). Let f = 2063 - l. Is f a prime number?
True
Let t(s) = -s**3 + s**2 + 2*s + 4. Suppose -1 = 4*n + 5*i + 4, -3*n - i = 1. Let o be t(n). Is (((-955)/10)/(-1))/(2/o) prime?
True
Let u = 27233 + 224468. Is u composite?
False
Let h be (301/2*5)/((-40)/(-80)). Suppose -2*t + h = -3129. Is t prime?
False
Let w = 6407 + -3775. Suppose -5*a = l - 16, 0 = -a - 2*l - 313 + 309. Suppose -6*j + a*h = -j - 3259, 4*j + 3*h = w. Is j composite?
True
Suppose -9*z - 304884 = -36*z. Suppose -3*n + 37239 + z = 0. Is n composite?
True
Let k(x) = -12 + 13 + 7*x - 3. Let f be k(1). Suppose -f*z = -43 - 122. Is z a composite number?
True
Suppose b - 17279 - 12656 = -2*o, b = -o + 29938. Is b a prime number?
False
Is (-32)/(-3)*297 + -5 a prime number?
True
Let g(l) = 147*l**2 + 6*l - 5. Let d be g(3). Suppose 0 = -t + 2155 + d. Is t a composite number?
False
Suppose 0 = -5*l + 2*c + 95, 4*c - 104 = 5*l - 9*l. Is (-4)/6 + 35693/l + -6 prime?
True
Suppose x - 292 = 5*f - 2912, 2*x = 3*f - 5219. Let z = 2542 - x. Is z composite?
False
Let h = 113663 - 49516. Is h prime?
False
Let r = 79979 - 56178. Is r composite?
False
Let q(i) = -573515*i - 3728. Is q(-5) a prime number?
False
Let j(k) = 6*k + 41. Let l be j(-7). Let a(c) = -2953*c**3 - c**2 - 6*c - 5. Is a(l) prime?
True
Suppose -4*z - 1680 = -4*l, -4*z - 3*l = 1280 + 421. Let o = z + 254. Let t = 0 - o. Is t a composite number?
True
Suppose -808010 = -58*w + 861752. Is w a composite number?
False
Suppose -4*v - 12*m = -297352, 2*v - 7*v - 2*m + 371573 = 0. Is v composite?
False
Let f(a) = 39520*a**2 - 60*a - 179. Is f(-3) composite?
True
Let w = 29 + -19. Let i(v) = 77*v + 8. Let h(z) = 227*z + 27. Let a(m) = 3*h(m) - 8*i(m). Is a(w) a prime number?
False
Let l(t) = 12*t**3 - 69*t**2 + 1084*t - 10. Is l(17) prime?
False
Let v(b) = 32323*b**2 - 304*b - 1526. Is v(-5) prime?
False
Let h(t) = 1205*t + 60. Let d be h(-4). Let c = d - -18277. Is c a prime number?
False
Let k be (-14)/49 + (-256)/(-14). Let a be (2*6/(-4))/(27/k). Is 6/9*633/a*-1 a composite number?
False
Suppose -m + 308024 = 34*j - 31*j, 410687 = 4*j - m. Is j composite?
False
Let u(g) = -25*g**2 - 9*g - 39. Let h be u(-9). Let x = 6356 + h. Is x a composite number?
False
Let c = 336552 + -133073. Is c composite?
True
Let n = 154 - 154. Suppose -3681 = -2*q - 0*z - 5*z, q + 5*z - 1828 = n. Is q composite?
True
Suppose 12*j - 25325 = 10591. Is j a composite number?
True
Suppose -5*b = 5 + 30. Let p(t) be the second derivative of -t**5/10 - 7*t**4/12 + 7*t**3/6 + t**2/2 + 7*t. Is p(b) a prime number?
False
Suppose -c = 4*k, -5*c + 5*k + 28 = 3. Suppose -4*f - c*f = 4568. Let t = -24 - f. Is t a composite number?
False
Let t(o) = 312*o - 3. Let w be t(7). Let j be 689/(-2)*(16 - 20). Let a = w - j. Is a composite?
True
Suppose 78*p + 28758 = 606816. Is p prime?
True
Suppose 3*o + 39 = 5*p + 45, p - o = -2. Let j(z) = -2*z**2 + 15*z + 7697. Is j(p) composite?
True
Suppose 207*p - 13882105 - 11334428 = 0. Is p a prime number?
False
Suppose -1696 = -34*t - 472. Suppose 37*a - 79170 = -5*u + t*a, -3*u = -4*a - 47525. Is u 